*n - 9964. Give a(20).
16
Let z(q) = -8*q - 172. Determine z(-11).
-84
Let q(w) = w**2 - 42*w - 242. Give q(-5).
-7
Let x(o) = 648*o - 10372. Give x(16).
-4
Let n(v) = -111*v + 3435. Give n(31).
-6
Let i(s) = s**3 + 13*s**2 + 28*s - 14. What is i(-7)?
84
Let x(i) = 499*i + 11984. Determine x(-24).
8
Let x(f) = 113*f - 759. What is x(4)?
-307
Let l(h) = -4*h**2 - 26*h + 21. Calculate l(-11).
-177
Let z(c) = 11*c + 104. What is z(-8)?
16
Let m(r) = -13*r + 99. Calculate m(10).
-31
Let p(t) = -2*t**3 + 5*t**2 + 3*t - 11. What is p(5)?
-121
Let v(o) = -28*o**2 + 111*o - 82. Give v(4).
-86
Let l(t) = -7245*t - 7234. Determine l(-1).
11
Let w(m) = -13*m - 9. What is w(-6)?
69
Let i(g) = -1006*g + 992. Give i(1).
-14
Let r(v) = v**3 - 8*v**2 + 22*v - 47. What is r(7)?
58
Let a(p) = 2*p**2 + 65*p - 126. What is a(-11)?
-599
Let y(u) = 7*u - 13. Determine y(1).
-6
Let b(j) = j**3 + 33*j**2 - 3*j - 99. Determine b(-33).
0
Let o(s) = 435*s + 3063. Give o(-7).
18
Let z(a) = a**2 - 46*a + 34. Give z(45).
-11
Let l(h) = h**3 - 123*h**2 + 2216*h + 134. What is l(22)?
2
Let d(t) = -60*t**2 + 325*t - 649. What is d(2)?
-239
Let q(w) = 9*w**2 + 34*w + 101. Calculate q(-3).
80
Let p(w) = -118*w**2 + 19*w + 8. What is p(-1)?
-129
Let d(i) = -2*i**3 + 23*i**2 + 45*i + 3. What is d(14)?
-347
Let d(t) = 419*t - 40651. Determine d(97).
-8
Let l(q) = -q**3 - 16*q**2 - 59*q - 53. Determine l(-11).
-9
Let n(f) = -9*f**2 - 54*f + 5. Determine n(-6).
5
Let n(z) = -z**3 + 34*z**2 + 36*z - 18. Determine n(35).
17
Let r(m) = -m**3 - 54*m**2 - 58*m - 163. What is r(-53)?
102
Let r(q) = 3*q**3 - 10*q**2 - 8*q + 22. Determine r(4).
22
Let p(f) = f**2 + 10*f + 30. Give p(-19).
201
Let z(i) = -i**3 - 21*i**2 + 17*i + 48. Calculate z(-22).
158
Let h(r) = 116*r - 11723. Calculate h(101).
-7
Let k(n) = 30*n**2 + 660*n - 5. Give k(-22).
-5
Let j(d) = -74*d**2 + 1407*d - 42. Determine j(19).
-23
Let g(b) = -169*b**3 + 106*b**2 - 106*b - 1. What is g(1)?
-170
Let h(b) = -72*b - 3. Give h(0).
-3
Let j(i) = -56*i**2 - 17*i + 59. Give j(3).
-496
Let g(m) = -5*m**2 + m + 20. Calculate g(4).
-56
Let y(t) = -129*t + 915. What is y(7)?
12
Let t(f) = -79*f - 85. What is t(-1)?
-6
Let i(r) = r**2 - 76*r - 79. Calculate i(77).
-2
Let o(i) = 3*i**3 + 2*i**2 + 3*i - 18. Determine o(-4).
-190
Let i(l) = -47*l + 325. Determine i(-6).
607
Let b(u) = -u**2 + 31*u - 35. Determine b(19).
193
Let k(w) = 7*w**3 - 7*w**2 - 8*w + 25. Give k(2).
37
Let r(u) = 315*u + 10402. Determine r(-33).
7
Let r(a) = -9*a**2 + 3*a + 18. Determine r(-3).
-72
Let b(w) = -23*w + 802. Give b(35).
-3
Let u(h) = 3*h**2 - 110*h + 1. Give u(38).
153
Let b(d) = 5*d + 117. Calculate b(-13).
52
Let o(a) = -4*a**3 - 6*a**2 + 12*a - 8. Calculate o(1).
-6
Let j(f) = 6*f**2 - 898*f + 1786. What is j(2)?
14
Let u(t) = t**2 + 1675*t + 10023. Give u(-6).
9
Let y(a) = 11*a**2 - 347*a + 164. Determine y(31).
-22
Let j(z) = z**2 - 35*z + 294. Determine j(17).
-12
Let g(w) = 313*w + 20031. What is g(-64)?
-1
Let c(h) = -3*h**2 + 25*h - 66. Determine c(9).
-84
Let u(s) = -3*s**3 + 11*s**2 + 502*s - 1013. Give u(2).
11
Let d(l) = l**3 - 46*l**2 + 80. What is d(46)?
80
Let b(t) = 1465*t**2 - 14651*t + 4. Determine b(10).
-6
Let b(l) = -3*l**2 - 40*l + 122. What is b(-12)?
170
Let t(c) = 111*c + 4120. What is t(-37)?
13
Let f(t) = 2*t**3 - 85*t**2 + 36*t + 294. Give f(42).
42
Let z(p) = -67*p**2 - 1186*p + 355. Calculate z(-18).
-5
Let d(t) = -52*t - 169. Calculate d(-3).
-13
Let c(h) = 759*h - 16704. Determine c(22).
-6
Let q(o) = -o**2 - 64*o - 872. Determine q(-44).
8
Let d(f) = 8036*f - 32140. Give d(4).
4
Let f(a) = a**3 + 15*a**2 + 33*a. Calculate f(-7).
161
Let c(d) = -5062*d + 20250. What is c(4)?
2
Let a(p) = 16869*p - 84346. Calculate a(5).
-1
Let d(a) = -a**3 - 109*a**2 - 112*a - 437. Give d(-108).
-5
Let z(g) = -12*g**2 + 393*g + 392. Give z(-1).
-13
Let r(a) = a**2 - 4*a - 5763. What is r(78)?
9
Let x(o) = 2*o**2 + 17*o - 5. What is x(-3)?
-38
Let n(u) = 35*u - 357. What is n(11)?
28
Let i(s) = s**3 + 13*s**2 + 18*s + 86. Calculate i(-14).
-362
Let n(t) = -3*t**3 + 16*t**2 - 9*t + 7. Calculate n(6).
-119
Let i(r) = -317*r**3 - 1584*r**2 + 9*r + 18. Give i(-5).
-2
Let g(t) = -2*t**2 - 35*t + 727. Give g(12).
19
Let j(v) = -v**3 + 31*v**2 + 66*v + 4. Calculate j(33).
4
Let b(o) = 3*o**3 - 30*o**2 + 37*o - 136. Give b(9).
-46
Let u(p) = 31*p + 968. Calculate u(-32).
-24
Let q(w) = w**2 + 44*w + 92. What is q(-42)?
8
Let b(j) = 21*j**3 - j**2 - 10*j - 15. Calculate b(-3).
-561
Let r(n) = -4*n**3 + 123*n**2 + n - 7. Determine r(0).
-7
Let p(d) = d**3 - 10*d**2 + 26*d - 21. Calculate p(6).
-9
Let k(a) = -a**3 - 14*a**2 - 75*a - 811. Calculate k(-13).
-5
Let q(b) = -85192*b - 4. Calculate q(0).
-4
Let k(l) = 263*l + 1582. What is k(-6)?
4
Let f(c) = 492*c + 2378. Calculate f(-4).
410
Let n(t) = -715*t - 12164. Give n(-17).
-9
Let i(a) = a**3 + 19*a**2 + 92*a + 20. What is i(-10)?
0
Let n(b) = 3*b**3 - 25*b**2 - 9*b - 53. Give n(10).
357
Let t(v) = -50*v**2 - 9*v + 17. Calculate t(2).
-201
Let h(v) = 17*v**2 + 17*v - 12. Give h(1).
22
Let q(u) = -584*u + 2386. Determine q(4).
50
Let y(f) = 2*f**2 - 61*f - 1097. Give y(43).
-22
Let q(i) = 3*i**3 - 10*i**2 - 311*i - 2. What is q(12)?
10
Let g(h) = 4*h**3 + 4*h**2 + 2*h + 14. Calculate g(-4).
-186
Let a(d) = 2297*d - 4627. Determine a(2).
-33
Let s(o) = 6*o**2 - 210*o + 989. Give s(5).
89
Let o(j) = -j**2 - 11*j + 62. Calculate o(-19).
-90
Let g(a) = 224*a - 1254. What is g(5)?
-134
Let y(u) = 5*u - 234. Give y(21).
-129
Let z(o) = 85*o**2 + 186*o - 3. What is z(-2)?
-35
Let s(y) = 2*y**2 + 12*y + 3. Determine s(-2).
-13
Let z(g) = 3*g**2 + 150*g - 469. What is z(-53)?
8
Let t(o) = o**3 - 9*o**2 - 9*o + 31. Give t(10).
41
Let s(h) = -83*h - 4. Determine s(0).
-4
Let z(h) = 40*h + 195. Determine z(7).
475
Let v(o) = o**3 - 18*o**2 - 359*o - 30. What is v(30)?
0
Let k(a) = -a**3 - 5*a**2 - 3*a - 13. Determine k(-5).
2
Let l(y) = 3*y**3 + 133*y**2 + 56*y + 527. Calculate l(-44).
-1
Let b(r) = -10*r**2 + 140*r + 332. Give b(16).
12
Let g(o) = -2*o**2 - 32*o - 279. Calculate g(-15).
-249
Let u(v) = -17*v**2 - 225*v - 399. Calculate u(-11).
19
Let m(y) = y**3 + 57*y**2 - 249*y + 207. Give m(3).
0
Let s(k) = k**3 - 19*k**2 + 14*k + 300. Calculate s(17).
-40
Let d(q) = 332*q**2 + 2*q - 1. Calculate d(1).
333
Let p(y) = 4*y**3 - 15*y**2 + 41*y - 171. What is p(4)?
9
Let w(q) = 37*q**2 + 12*q + 6. Calculate w(-2).
130
Let h(z) = -z**2 + 63*z - 306. Give h(58).
-16
Let q(o) = o**2 + 60*o - 6423. What is q(-116)?
73
Let n(z) = -144*z - 425. Calculate n(-3).
7
Let z(n) = -2*n**2 + 36*n - 5. Determine z(0).
-5
Let y(w) = -3*w**2 + 3558*w - 21232. Give y(6).
8
Let j(a) = -82*a**2 + 119*a + 244. Calculate j(-2).
-322
Let h(a) = a**2 - 56*a - 285. Calculate h(61).
20
Let v(z) = 13*z**2 - 186*z + 26. Determine v(14).
-30
Let x(a) = -2*a**2 - 30*a + 7684. Give x(-70).
-16
Let h(f) = -33*f - 2280. What is h(-69)?
-3
Let l(c) = 2*c**2 + 92*c + 256. Give l(-3).
-2
Let u(y) = -2*y**3 + 13*y**2 - 15*y - 4. What is u(5)?
-4
Let y(c) = 17*c - 538. Calculate y(32).
6
Let u(h) = 4*h**3 + 64*h**2 - 14*h - 19. Give u(-16).
205
Let l(k) = -k + 49. Determine l(10).
39
Let q(b) = -7*b**3 + 16*b**2 - 21*b + 4. Give q(1).
-8
Let o(g) = -g**2 - 58*g - 846. Calculate o(-26).
-14
Let d(t) = -34*t - 1751. What is d(-52)?
17
Let l(z) = -69*z - 381. Give l(-7).
102
Let m(b) = -3*b - 110. What is m(2)?
-116
Let s(d) = -32*d + 362. Determine s(11).
10
Let o(l) = -l**2 + 48*l - 161. Give o(5).
54
Let f(w) = -8*w**3 - 31*w**2 + 2*w + 1. Determine f(-4).
9
Let s(p) = -p**3 - 76*p**2 + 755*p - 861. Give s(-85).
-11
Let n(c) = -9*c**3 + 89*c**2 + 11*c + 19. Determine n(10).
29
Let v(o) = -63*o + 278. Calculate v(5).
-37
Let d(a) = a**2 + 9*a - 152. Determine d(-27).
334
Let p(v) = -124*v**2 + 241*v + 8. Calculate p(2).
-6
Let c(n) = 12*n + 315. What is c(-26)?
3
Let l(q) = -15*q + 301. Calculate l(-8).
421
Let h(k) = -2*k**2 + 51*k + 311. Determine h(-7).
-144
Let r(u) = 33*u - 235. Calculate r(9).
62
Let m(y) = y**2 - 58*y + 252. Give m(5).
-13
Let x(m) = 12*m**3 + 72*m**2 - 85*m - 8. Determine x(-7).
-1
Let s(w) = 5*w**2 + 689*w - 6975. Give s(10).
415
Let d(i) = 89*i + 49. Determine d(-1).
-40
Let l(b) = 109*b - 4290. What is l(39)?
